/6*f**3 - 1/30*f**5 + 8*f**2 + 0 + 0*f - 1/120*f**6. Give g(-2).
3
Let i be 5 + 1 + (-3 - 0). Let g(b) = -6 - i + 3 + b**2 + 5*b. Give g(-5).
-6
Suppose 0 = -0*a - 4*a + 8. Let p(d) = -4 + d**3 + 5*d**2 - 3*d - a*d**3 + 0*d**3. What is p(4)?
0
Let j(c) = c**2 + c - 2. Let k be j(-3). Suppose -k*m + 0*m = -2*p + 26, -3*m - 24 = -3*p. Let t(z) = -z**2 - 7*z - 1. Calculate t(m).
9
Suppose 3*b - 1 = -10. Let l(k) = k**3 + 3*k**2 - 2*k - 2. Give l(b).
4
Let s(c) = -c**3 + 5*c**2 - 2*c - 1. Let p = 10 + -7. Determine s(p).
11
Let t(j) = j**2 - 4*j. Let u(i) be the first derivative of 3*i**2/2 - 3*i + 3. Let x be ((-2)/(-6))/(1/6). Let d be u(x). Calculate t(d).
-3
Let d(i) = 9*i - 4. Let f be d(2). Let n be 8/(-36) - f/18. Let r(k) = -8*k. What is r(n)?
8
Let g(l) = l. Let s(r) = 6*r + 4. Let u(m) = -5*g(m) + s(m). Suppose d + 3*j - 12 = 0, 0*d - 3 = 3*d - 4*j. Calculate u(d).
7
Suppose 3*b + 31 = -2*g, -g + 15 = -b - 4*g. Let q = -10 - b. Let h(m) be the first derivative of -m**3/3 - m**2/2 + 2. Determine h(q).
0
Let h(m) = 0*m + 2*m + 7 - 11. Let o(k) = -3*k + 9. Let q(t) = 5*h(t) + 3*o(t). What is q(-7)?
0
Let l(b) = -6*b + 4*b**2 - 3 - 5*b**2 + 6. Calculate l(-5).
8
Let v be (-2)/(-3)*(-60)/(-8). Let u(i) = -i**2 + 4*i + 5. What is u(v)?
0
Let h(a) = -a**3 + 6*a**2 - a - 13. Let j be h(5). Let v(w) = -w**3 + 7*w**2 - 2*w - 7. Calculate v(j).
-21
Let x(y) = y**3 + 5*y**2 + 4*y - 1. Let a = 11 + -5. Let o be (-8)/(-2)*a/(-8). Calculate x(o).
5
Suppose 4*w + 5*y - 13 = 0, 2*w - y = 3 - 14. Let u(z) = -z**3 + z**2 + 5*z. Let b(q) = 3*q**3 - 2*q**2 - 14*q. Let k(t) = -4*b(t) - 11*u(t). What is k(w)?
-3
Let w = 25 + -17. Let p(t) = -t**2 + 7*t + 11. Calculate p(w).
3
Let p(q) = -q + 1. Let a(m) = m**2 - 5*m - 5. Let d be a(6). Suppose -n - d = 2. What is p(n)?
4
Let p(i) = i - 11. Let w be 260/45 + (-4)/(-18). Let o = -6 + w. Determine p(o).
-11
Let b(o) = o + 4. Suppose -192 = -3*a - 3*r, -5*a + 0*r - 3*r + 314 = 0. Suppose -18 = 3*f + 5*w - a, -w = -2*f + 7. What is b(f)?
10
Let j(o) be the third derivative of -4*o**2 - 1/120*o**6 + 1/24*o**4 + 0 + 5/3*o**3 + 0*o - 1/60*o**5. Determine j(0).
10
Let f(v) be the first derivative of -5/2*v**2 + 1 + 0*v. What is f(-2)?
10
Let c(o) = -4*o**3 + o**2. Let k be c(-1). Suppose -2*n = -2*r - 6, -3*r + 3 - 4 = -k*n. Let a = r - -10. Let v(g) = -g**2 + 4*g - 4. Give v(a).
-1
Let m(q) = -7*q**3 + 6*q**2 + 3*q - 4. Let d(u) = 8*u**3 - 7*u**2 - 4*u + 5. Let l(o) = -4*d(o) - 5*m(o). Suppose -2*c = -n - 2 - 1, -5 = -2*c + 3*n. Give l(c).
2
Suppose -2*k = 4*c - 10, -3*c = 3*k - 14 - 4. Let p be 2/7 - 37/k. Let v(t) = -t**2 - 5*t + 5. Give v(p).
5
Let m(j) = -2*j - 9. Let y be ((-1)/(-2))/((-2)/4). Let g(n) = 1 - 2*n + 2*n + 6*n**3 - 2*n + 3*n. Let d be g(y). Give m(d).
3
Let z(n) = -n**2 - 10*n - 12. Let k be z(-8). Let v(b) = b - 4. What is v(k)?
0
Let i(l) = -l**3 + 3*l**2 - 5*l - 4. Let x(f) = -f**3 + 3*f**2 - 6*f - 5. Let c(q) = -7*i(q) + 6*x(q). Determine c(4).
10
Let s = 103 - 96. Let m(z) = -z**3 + 8*z**2 - 9*z + 9. Calculate m(s).
-5
Let u = -7 + 15. Let g be ((-12)/16)/(2/u). Let p(q) = q - 2. Give p(g).
-5
Let v(l) be the third derivative of l**6/120 - l**5/12 + l**4/24 - l**3/6 + 19*l**2. Determine v(4).
-13
Let o(z) = z**2 - 6*z + 7. Suppose 3 + 5 = 2*s. Suppose 2*c = 5*c + 2*k - 5, -4*c = s*k. Calculate o(c).
2
Let h(p) = -p**3 + 2*p**2 + 2*p - 2. Suppose -2*j - 2 = -4*i - 3*j, 5*i + 5*j = 10. Suppose -b + 4 = -i. Let y = b - 2. Calculate h(y).
2
Let d(s) = -s**3 - 4*s**2 - 1. Suppose -g + p + p = -14, -3*g + 22 = -2*p. Suppose g*v - 45 = -v. Let i be 6*(2 - 24/v). Give d(i).
-1
Let h(t) = -t**3 + 6*t**2 + 6. Let y(l) = l + 1. Let i(d) = h(d) - 5*y(d). What is i(4)?
13
Let g(x) = x**2 - 6*x + 7. Let j be 3*(0 - (1 + 1)). Let w be ((-2)/(-2)*1)/(-1). Let n = w - j. Calculate g(n).
2
Let o(z) = 10*z**2 + 0*z**3 - 11*z**2 - 2*z - z + z**3 + 3. Give o(2).
1
Let k be 3 + (-7 - -4) - 2. Let y(j) = 2*j**3 - 2 + j + 3*j**2 + 3 + j. Calculate y(k).
-7
Let f be (2/(-6))/(2/(-6)). Let h(x) = -x + 1. Let l(s) = -12*s + 8. Let c(i) = f*l(i) - 10*h(i). Let u = 11 - 9. What is c(u)?
-6
Let f(y) = -15*y + 1. Let w(o) = -4*o. Let v(g) = -6*f(g) + 22*w(g). Determine v(4).
2
Let o = 12 + -20. Let u be 22/(-88) - (-14)/o. Let n(d) = -4*d - 1. Give n(u).
7
Let p(v) = 6 + 26*v + 23*v - 68*v + 20*v. Give p(-8).
-2
Let y = -14 + 19. Let m(g) = -g + 2. Calculate m(y).
-3
Let s(r) = -3*r**2 - r + 2. Let n = 42 - 45. Determine s(n).
-22
Let k(d) = d**3 - d**2 - d - 2. Let o be k(2). Suppose n - 5 = -o. Let f(h) be the second derivative of -h**3/6 + 3*h**2/2 - h. Give f(n).
-2
Let v(t) = -100 + 100 - t. Let r(a) = a. Let x(u) = -2*r(u) - v(u). Let g(q) = q**2 - 2*q + 1. Let w be g(3). Give x(w).
-4
Let y(d) = 3*d + 3. Let g be 15/10 - (-5)/(-2). Let j be g - (-1)/(-1)*1. Calculate y(j).
-3
Let g(r) be the first derivative of -2*r**3/3 + 3*r**2/2 + 2*r + 5. Let h be (-2)/4 + 10/4. Suppose -5 = -b - h. Determine g(b).
-7
Let m(b) = -b**2 + 2*b - 2. Let x = -2 - -2. Let c = x - 1. Let v be 1 + (1 - (-2 - c)). Calculate m(v).
-5
Let k(a) = -2 + a - 2*a + 1. Let b(o) = o + 3. Let s(p) = 1. Let z(q) = b(q) - 3*s(q). Let r be z(2). Calculate k(r).
-3
Suppose 2 = -5*t - 3. Let h be (23 - (-2 - t)) + 1. Let d be (20/h)/((-1)/5). Let k(y) = y**3 + 5*y**2 + 6*y + 5. Calculate k(d).
-3
Let i(o) = 4*o**2 - 3*o - 9. Let x(d) = 3*d**2 - 4*d - 8. Let s(b) = -4*i(b) + 5*x(b). Determine s(-7).
3
Suppose 26 = -4*u - 6. Let s be 54/(-24) + (-2)/u. Let o(x) = x**2 - 2*x - 3. Determine o(s).
5
Let o be (-26)/6 + 1/3. Suppose 4*g - 5*l = 21, 0*g - 2*g = -3*l - 13. Let c = g - o. Let d(j) = -2*j + 3. Give d(c).
-3
Let j(s) = -s**2 - 3*s. Suppose -14 = -2*i - 0. Let l = -12 + i. What is j(l)?
-10
Let p(r) = r**2 - 4 - 2*r + 0*r + 0*r. Let l be p(4). Let j(z) = -1 + 5*z**3 - l*z**2 - 5*z**3 - z**3. What is j(-4)?
-1
Let x be (-4 - -1)/((-6)/4). Let p(g) be the third derivative of g**5/60 - 4*g**2. Let f(h) = -6*h**2 + 3*h. Let o(j) = f(j) + 4*p(j). What is o(x)?
-2
Let m(i) = 2*i**3 - 5*i**2 + 3*i - 3. Let v(j) = -j**3 + 1. Let u(f) = -m(f) - v(f). Let a(t) = t**2 + 3*t + 4. Let l be a(-3). Give u(l).
6
Let p(q) be the third derivative of -q**8/20160 - q**7/840 - q**6/120 + q**5/20 + 5*q**2. Let u(j) be the third derivative of p(j). Give u(-5).
-1
Let v(k) = k - 4. Let d = 11 + -8. Suppose d*c + 15 = w, -2*c + 0*c - 10 = -4*w. Calculate v(w).
-4
Let x(u) = u**3 + 0*u - 4*u**2 + 2*u + u**2 + 0*u**2. Let c(f) = -f**3 + 3*f**2 - 2*f. Let v(p) = 5*c(p) + 4*x(p). What is v(2)?
0
Let j = 3 - 0. Let x = 5 - j. Let y(i) = 2*i + 0 + x + 0*i. Calculate y(-4).
-6
Let c(v) = v - 1 + 4 + 0 + 2*v. Let g be 2/(-9) - (-80)/(-45). Give c(g).
-3
Let x(u) = -u**3 + u**2 - u + 2. Suppose 3*p = -2*p. Calculate x(p).
2
Let r be (42/(-9))/(4/(-6)). Let n be 2/7 - 9/r. Let k(l) = 2*l**2. Give k(n).
2
Let t(r) = -r**3 - 5*r**2 - r + 4. Let x = -47 - -43. Calculate t(x).
-8
Let z(f) = -3*f - 1. Suppose -n = 2*n - 27. Suppose 4 - n = -y. What is z(y)?
-16
Let k(w) = w**3 - 6*w**2 - 2*w + 4. Let p be k(6). Let r(j) = j + 10. Let o be r(p). Let i(h) = -2*h + o + 1 - 3*h - h**2. Calculate i(-4).
7
Let h = -1 - -6. Let p(x) be the first derivative of -1/4*x**4 + 1 - x**2 + 5/3*x**3 + 6*x. Calculate p(h).
-4
Suppose c + 2*k - 1 + 2 = 0, -5*c - 3*k = -9. Let o(b) = -2*b**2 - b - 2. Give o(c).
-23
Let t(z) = z**2 - 2 + 1 + 6 + 4*z - 4. What is t(-5)?
6
Let p(u) = -u**3 - 4*u**2 - 2*u + 2. Let m(y) = y**3 - 8*y**2 + 6*y + 7. Let l be m(7). Suppose l - 12 = 4*r. Let v be p(r). Let t(a) = -a + 1. Calculate t(v).
2
Let w = -6 + 8. Suppose -z - 29 = -5*m, -w*z + 2 = 4*m - 2*m. Let q(k) be the first derivative of -k**4/4 - 5*k**3/3 - 7*k**2/2 - 6*k - 1. Calculate q(z).
6
Let m = 2 + -1. Let u(r) = r**2. Let z(p) = 3*p**2 + p - 1. Let i(x) = 5*u(x) + z(x). What is i(m)?
8
Let g be ((-1)/(-2))/(1/2). Let c(y) be the third derivative of 5*y**4/24 + y**3/6 + y**2. Determine c(g).
6
Let v = 5 - 4. Let s(o) = -4*o**2 - 2 + 3 + o**2. Give s(v).
-2
Let h = 29 - 29. Let w(k) = -k - 8. Give w(h).
-8
Let o(y) = y**3 + 2*y**2 - 1. Let b(i) = i**2 + 6*i - 7. Let t be b(-6). Let j = -6 - t. What is o(j)?
2
Let u(j) be the second derivative of j**3/6 + 3*j. What is u(5)?
5
Suppose 0 = n + 3*n - 16. Let b(m